sor of t and 112.
16
Let z(m) = -m**2 + 11*m - 14. Let t be z(7). Calculate the highest common factor of 70 and t.
14
Let x be 10/4 + 5/(-10). Suppose y - 3*q = -2*y + 162, y = x*q + 54. Calculate the highest common divisor of y and 36.
18
Suppose 4*u - 56 - 41 = -3*n, 5*u - 5*n - 95 = 0. Calculate the greatest common divisor of 33 and u.
11
Suppose 0 = -6*n + 47 + 133. What is the highest common divisor of 15 and n?
15
Let w = -1 + 5. Let x(z) = z + 7. Let d be x(w). Calculate the greatest common divisor of d and 1.
1
Let f = -35 - -135. What is the highest common divisor of f and 25?
25
Let h be (-4)/((-16)/(-4)) - -425. Suppose h + 192 = 4*q. What is the highest common divisor of q and 22?
22
Suppose 0*w - 306 = -2*w. Calculate the highest common divisor of w and 17.
17
Let q = 3 + 1. Let t = 8 - q. Suppose -4*c - a + 11 = 0, 2*a + 9 = 5*a. What is the highest common divisor of c and t?
2
Suppose -28 = -3*z + 47. Calculate the greatest common divisor of 5 and z.
5
Let k(o) = -o**3 - 8*o**2 + 6. Let f be (-18)/15*20/3. Let p be k(f). Let a(x) = -x + 18. Let c be a(0). Calculate the highest common divisor of c and p.
6
Suppose 0 = -g + 3*x - 14, 2*g + g = -x + 8. What is the greatest common factor of g and 9?
1
Let m = 15 - -21. Calculate the highest common divisor of m and 6.
6
Let g(z) = 4*z - 1. Let x be g(2). Let c = x - 1. Suppose 2*w = 5*w - 54. Calculate the greatest common divisor of c and w.
6
Suppose -5*x = a - 301, -a + 2*x = -5*a + 1222. Let g = 438 - a. Let p(k) = 11*k**2 - k. Let d be p(-1). Calculate the greatest common divisor of g and d.
12
Let b(r) = -r**3 + 6*r**2 + 4*r - 5. Let h be b(6). Calculate the greatest common divisor of 57 and h.
19
Let q be (-48)/(-9) + 2/3. Suppose 5*o - 4*d - 463 = 0, -2*d + 451 = -o + q*o. Calculate the highest common divisor of o and 13.
13
Let t = -3 - -4. Suppose 15 + t = 4*r. Suppose -3*l + 2*k - 26 = -8*l, 2*l - 4*k = 20. What is the greatest common divisor of r and l?
2
Let v be (-1)/((-2)/(-44)*-2). Let y(k) = k**3 + 8*k**2 + 5*k + 3. Let t be y(-6). Let n = t - -54. What is the highest common factor of n and v?
11
Suppose -3*a = 2*i - 6*i - 22, 2*a + 4*i = 8. Let g(d) = 12*d. Let l be g(a). What is the greatest common divisor of l and 18?
18
Suppose -4 = 2*i - 4*i - 5*o, 2*o = 3*i - 6. Suppose 5*p - 2*u = -7 + 53, -56 = -5*p - 3*u. Calculate the highest common factor of i and p.
2
Let n = 8 - 0. Let z(r) be the third derivative of -65*r**4/24 - r**3/6 + 4*r**2. Let q be z(-1). Calculate the greatest common divisor of n and q.
8
Let o be (3 + -15)/(4/(-10)). What is the greatest common factor of o and 90?
30
Suppose -2*b + u + 58 = -24, -4*u = 5*b - 231. Let g = 21 - 8. Suppose -f = -y + g, -y = 2*y - 4*f - b. Calculate the highest common factor of 6 and y.
3
Let u = 1122 + -786. Calculate the greatest common factor of 42 and u.
42
Let k be 1/(-3) - 31/(-3). Let n(m) = m**2 - 4*m - 8. Let v be n(6). Let j = v - -1. What is the highest common divisor of j and k?
5
Suppose 0 = v + 3*v - 4. Suppose 2*b + 1 = 5. Suppose -4*c + 6 = 3*k + c, b*k - 4*c - 4 = 0. Calculate the greatest common divisor of k and v.
1
Suppose 56 = 4*q - 3*q. Let z(u) = u**3 + 7*u**2 - 7*u + 8. Let r be z(-8). Let w be 3 - 2 - (-13 - r). What is the highest common divisor of w and q?
14
Let i(b) = -b**3 + 0*b**3 + 4*b**2 + 2 + 5*b + 0*b - 5*b**2. Let k be i(-4). Calculate the highest common factor of k and 20.
10
Let v be (-3)/2*6/(-3). Let z = 5 - 5. Suppose -v*y = -z*y - 225. Calculate the highest common factor of 15 and y.
15
Suppose 0 = 4*h + h - 80. Let n be (36/10)/((-9)/(-60)). What is the highest common divisor of h and n?
8
Let o(x) = -x**3 - 6*x**2 - 2*x - 24. Let n be o(-7). Calculate the greatest common divisor of n and 13.
13
Let c = -150 - -168. What is the greatest common divisor of c and 144?
18
Let z(d) = 2*d**2 + d + 8. Let x be z(-3). Calculate the greatest common divisor of 92 and x.
23
Suppose -4*d + 21 = -7*d. Suppose -3*m = -0*m - 72. Let q = m + d. What is the greatest common factor of q and 17?
17
Suppose -4*d + 0 + 40 = 0. Suppose -h + 3*j = -24, 0 = -4*h - 2*j + 26 + 14. Let c = 52 - h. What is the greatest common divisor of c and d?
10
Let d be (-4 - -3 - -4) + 37. Calculate the highest common divisor of 16 and d.
8
Let h = -66 + 73. What is the highest common divisor of 21 and h?
7
Let f(w) = w + 5*w - 1 - 3*w. Let r be f(5). Calculate the highest common factor of 56 and r.
14
Suppose 9*w + 80 - 341 = 0. What is the greatest common factor of w and 319?
29
Let v be 3 + 0 + 0/1. Let o be 12*v/12*2. What is the greatest common factor of o and 30?
6
Let s = 4 - 19. Let a = -3 + 81. Let y = s + a. Calculate the greatest common divisor of 9 and y.
9
Let x(r) = -r**3 + 5*r**2 + 6*r + 3. Suppose 2*i - j = -4 + 12, i + 2*j - 14 = 0. Let g be x(i). Calculate the highest common divisor of g and 12.
3
Suppose -5*x + 58 = -12. What is the highest common factor of 2 and x?
2
Let l(f) = f**3 + 3*f - 9. Let a be l(2). Calculate the greatest common factor of a and 55.
5
Let w be -25 - (1 - 0)*-1. Let a be -2*2/8*w. Let h be (-432)/56*(-28)/2. Calculate the greatest common divisor of a and h.
12
Let y(s) = -6*s - 4. Suppose -6*b + 6 = -3*b. Suppose 7 = -b*w - 3. Let j be y(w). Calculate the highest common divisor of j and 39.
13
Suppose -3*k = -2*x + 3*x - 47, -x = -k + 17. Let m = k + 43. Suppose m = 3*y - 184. Calculate the greatest common divisor of y and 9.
9
Suppose -47 = -3*s - 4*z, -3*s - 53 = -6*s + 2*z. Let o be -1 + (4 - -13 - 1). Suppose v - o = s. What is the greatest common factor of v and 16?
16
Let x be (0 + 3/3)*3. Suppose -5*f - x*y + 29 + 29 = 0, 5*y = -20. Calculate the highest common factor of f and 42.
14
Suppose 4*a = 95 - 31. Suppose 3*p - 7*p + 32 = 0. Calculate the greatest common divisor of p and a.
8
Let v(p) = 2*p**2 - 1 + 6 - 7*p - p**2. Let i be v(7). Let m be 6 - (-1 - 1*-2). What is the greatest common factor of i and m?
5
Let w be -8*(4 + -3)*-2. Let m(c) = 70*c - 1. Let s be m(3). Suppose -3*r + s = 65. Calculate the highest common factor of w and r.
16
Let d(r) = -r**3 - r**2 - 2*r - 1. Let f be d(-2). What is the highest common divisor of 21 and f?
7
Let o be 10/15 + (-13)/(-3). What is the greatest common divisor of o and 10?
5
Suppose 10 = 2*c + 3*v, 5*c + 8*v = 3*v + 35. Calculate the greatest common divisor of 11 and c.
11
Let m be ((-12)/10)/(9/120). Let b = -14 - m. Calculate the greatest common divisor of b and 8.
2
Suppose -2*c = 5*i - 47, 3*i = 3*c - 24 - 15. Let x = c - -12. Let r = -2 + x. What is the greatest common divisor of r and 65?
13
Let p = 43 + -19. Suppose -3*m + 21 = -p. What is the highest common factor of m and 105?
15
Let k(i) = -i**3 - 9*i**2 - 10*i - 5. Let t be k(-8). What is the greatest common factor of t and 88?
11
Let g = 25 - 23. Calculate the highest common divisor of g and 18.
2
Suppose -3*r + 123 = 5*k, -4*k = 5*r + 47 - 148. What is the highest common factor of 264 and k?
24
Suppose 0*y + 4 = y. What is the greatest common divisor of y and 10?
2
Let k = -14 + 106. What is the greatest common factor of 138 and k?
46
Let x be (-9)/(-6)*8/3. Suppose -x*d - 5*l + 436 = -l, 406 = 4*d - 2*l. What is the greatest common factor of 13 and d?
13
Suppose m + 3*j = 25, -2*m - 4*j + 3*j = -40. Calculate the highest common divisor of 57 and m.
19
Let f be (-7 - 0)*(-12)/21. Suppose 10 = q + f. Calculate the greatest common factor of 12 and q.
6
Suppose 0 = -0*c - c + 15. Let a = 253 + -73. Suppose -a = -h - 2*h. What is the greatest common factor of c and h?
15
Let j be ((0 - 2) + 0)*-1. Calculate the highest common factor of 16 and j.
2
Let y be -2 + 0 - (2/(-1) - 2). Calculate the greatest common factor of y and 18.
2
Let j = -81 - -137. Suppose 0 = -n + 2*f - 3, 0 = 4*n - n - 3*f - 6. What is the highest common divisor of j and n?
7
Suppose 0 = -4*z - 2*p - p + 268, 0 = 3*p - 12. Suppose -3*x + 0*x = -4*q + 44, -4*q + 4*x + 48 = 0. What is the greatest common factor of q and z?
8
Let u(a) = a + 7. Let s be u(-9). Let t be s + 0 + 0 + 3. Let x be (-10)/(-3) + 3/(-9). What is the highest common factor of x and t?
1
Let x be (-15)/(-6)*2 - 1. Suppose 0 = -x*g - 16 + 44. Let l be 74/10 + (-2)/5. What is the highest common factor of l and g?
7
L